{"id":496,"date":"2012-02-18T19:04:56","date_gmt":"2012-02-18T19:04:56","guid":{"rendered":"http:\/\/www.campagneperglianimali.org\/web\/?page_id=496"},"modified":"2022-02-23T15:06:12","modified_gmt":"2022-02-23T14:06:12","slug":"pubblicita-antispecista","status":"publish","type":"page","link":"https:\/\/www.campagneperglianimali.org\/web\/pubblicita-antispecista\/","title":{"rendered":"Pubblicit\u00e0 Antispecista"},"content":{"rendered":"<p><a href=\"http:\/\/www.campagneperglianimali.org\/web\/wp-content\/uploads\/2021\/05\/logo-pubblicita-antispecista-campagne-per-gli-animali.jpg\"><img loading=\"lazy\" decoding=\"async\" class=\"aligncenter wp-image-3913 size-medium\" src=\"http:\/\/www.campagneperglianimali.org\/web\/wp-content\/uploads\/2021\/05\/logo-pubblicita-antispecista-campagne-per-gli-animali-294x300.jpg\" alt=\"\" width=\"294\" height=\"300\" srcset=\"https:\/\/www.campagneperglianimali.org\/web\/wp-content\/uploads\/2021\/05\/logo-pubblicita-antispecista-campagne-per-gli-animali-294x300.jpg 294w, https:\/\/www.campagneperglianimali.org\/web\/wp-content\/uploads\/2021\/05\/logo-pubblicita-antispecista-campagne-per-gli-animali-768x783.jpg 768w, https:\/\/www.campagneperglianimali.org\/web\/wp-content\/uploads\/2021\/05\/logo-pubblicita-antispecista-campagne-per-gli-animali-750x764.jpg 750w, https:\/\/www.campagneperglianimali.org\/web\/wp-content\/uploads\/2021\/05\/logo-pubblicita-antispecista-campagne-per-gli-animali.jpg 933w\" sizes=\"auto, (max-width: 294px) 100vw, 294px\" \/><\/a><\/p>\n<p>Le nostre nuove pubblicit\u00e0 sono tutte accompagnate dal logo <strong>Pubblicit\u00e0 antispecista<\/strong>.<\/p>\n<p>Chiunque voglia fare propaganda antispecista pu\u00f2 utilizzare tali pubblicit\u00e0 per renderle pubbliche. Il logo <strong>Pubblicit\u00e0 antispecista<\/strong>\u00a0 \u00e8 stato ideato e realizzato <strong>per evitare l\u2019inserimento della grafica di loghi di associazioni o gruppi rendendo il messaggio universale e liberamente utilizzabile.<\/strong><\/p>\n<p>Il logo <strong>Pubblicit\u00e0 antispecista<\/strong> \u00e8 stato ideato e creato nel 2012 da <strong>Campagne per gli animali<\/strong> per renderlo pubblico e liberamente utilizzabile a patto che venga apposto su pubblicit\u00e0 che <strong>veicolino realmente messaggi antispecisti<\/strong> e che <strong>Campagne per gli animali<\/strong> ne sia messa preventivamente al corrente. <a href=\"http:\/\/www.campagneperglianimali.org\/web\/contatti\/\">Contattaci<\/a> per poter ricevere il logo il formato grafico ad alta risoluzione.<\/p>\n<p>Un esempio di utilizzo della <strong>Pubblicit\u00e0 antispecista<\/strong>:<br \/>\n<a href=\"http:\/\/www.campagneperglianimali.org\/web\/chi-mangi-oggi-megacartelloni-a-pordenone\/\">www.campagneperglianimali.org\/web\/chi-mangi-oggi-megacartelloni-a-pordenone<\/a><\/p>\n<p>Alcune istruzioni utili:\u00a0<a href=\"http:\/\/www.campagneperglianimali.org\/web\/campagna-affissioni-antispeciste\/\">www.campagneperglianimali.org\/web\/campagna-affissioni-antispeciste<\/a><\/p>\n<p><strong>Visiona e scarica liberamente le pubblicit\u00e0 antispeciste di Campagne per gli animali: <a href=\"http:\/\/www.campagneperglianimali.org\/web\/le-campagne\/\">www.campagneperglianimali.org\/web\/le-campagne<\/a><\/strong><\/p>\n<hr \/>\n<p style=\"text-align: center;\">Il progetto di Campagne per gli animali <strong>ha terminato le sue attivit\u00e0 in data 31 dicembre 2021<\/strong>. <a href=\"http:\/\/www.campagneperglianimali.org\/web\/il-progetto-di-campagne-per-gli-animali-si-conclude\/\">Leggi il comunicato<\/a>.<\/p>\n<hr \/>\n<p style=\"text-align: center;\">Il logo di <strong>Pubblicit\u00e0 antispecista<\/strong> \u00e8 utilizzabile esclusivamente rispettando le indicazioni della seguente licenza:<\/p>\n<p style=\"text-align: center;\"><a href=\"http:\/\/creativecommons.org\/licenses\/by-nc-nd\/4.0\/\" target=\"_blank\" rel=\"license noopener\"><img decoding=\"async\" class=\"aligncenter\" style=\"border-width: 0;\" src=\"https:\/\/i.creativecommons.org\/l\/by-nc-nd\/4.0\/88x31.png\" alt=\"Licenza Creative Commons\" \/><\/a><br \/>\n<a href=\"http:\/\/creativecommons.org\/licenses\/by-nc-nd\/4.0\/\" target=\"_blank\" rel=\"license noopener\">Creative Commons Attribuzione &#8211; Non commerciale &#8211; Non opere derivate 4.0 Internazionale<\/a>.<\/p>\n<hr \/>\n","protected":false},"excerpt":{"rendered":"<p>Le nostre nuove pubblicit\u00e0 sono tutte accompagnate dal logo Pubblicit\u00e0 antispecista. Chiunque voglia fare propaganda antispecista pu\u00f2 utilizzare tali pubblicit\u00e0 per renderle pubbliche. Il logo Pubblicit\u00e0 antispecista\u00a0 \u00e8 stato ideato e realizzato per evitare l\u2019inserimento della grafica di loghi di associazioni o gruppi rendendo il messaggio universale e liberamente utilizzabile. Il logo Pubblicit\u00e0 antispecista \u00e8&hellip;<a href=\"https:\/\/www.campagneperglianimali.org\/web\/pubblicita-antispecista\/\" class=\"more-link\">Continua la lettura di <span class=\"screen-reader-text\">Pubblicit\u00e0 Antispecista<\/span><\/a><\/p>\n","protected":false},"author":1,"featured_media":3914,"parent":0,"menu_order":0,"comment_status":"open","ping_status":"closed","template":"","meta":{"iawp_total_views":37,"footnotes":""},"class_list":["post-496","page","type-page","status-publish","has-post-thumbnail","hentry"],"_links":{"self":[{"href":"https:\/\/www.campagneperglianimali.org\/web\/wp-json\/wp\/v2\/pages\/496","targetHints":{"allow":["GET"]}}],"collection":[{"href":"https:\/\/www.campagneperglianimali.org\/web\/wp-json\/wp\/v2\/pages"}],"about":[{"href":"https:\/\/www.campagneperglianimali.org\/web\/wp-json\/wp\/v2\/types\/page"}],"author":[{"embeddable":true,"href":"https:\/\/www.campagneperglianimali.org\/web\/wp-json\/wp\/v2\/users\/1"}],"replies":[{"embeddable":true,"href":"https:\/\/www.campagneperglianimali.org\/web\/wp-json\/wp\/v2\/comments?post=496"}],"version-history":[{"count":23,"href":"https:\/\/www.campagneperglianimali.org\/web\/wp-json\/wp\/v2\/pages\/496\/revisions"}],"predecessor-version":[{"id":4010,"href":"https:\/\/www.campagneperglianimali.org\/web\/wp-json\/wp\/v2\/pages\/496\/revisions\/4010"}],"wp:featuredmedia":[{"embeddable":true,"href":"https:\/\/www.campagneperglianimali.org\/web\/wp-json\/wp\/v2\/media\/3914"}],"wp:attachment":[{"href":"https:\/\/www.campagneperglianimali.org\/web\/wp-json\/wp\/v2\/media?parent=496"}],"curies":[{"name":"wp","href":"https:\/\/api.w.org\/{rel}","templated":true}]}}

Pubblicità Antispecista

<p><a href="http://www.campagneperglianimali.org/web/wp-content/uploads/2021/05/logo-pubblicita-antispecista-campagne-per-gli-animali.jpg"><img loading="lazy" decoding="async" class="aligncenter wp-image-3913 size-medium" src="http://www.campagneperglianimali.org/web/wp-content/uploads/2021/05/logo-pubblicita-antispecista-campagne-per-gli-animali-294x300.jpg" alt="" width="294" height="300" srcset="https://www.campagneperglianimali.org/web/wp-content/uploads/2021/05/logo-pubblicita-antispecista-campagne-per-gli-animali-294x300.jpg 294w, https://www.campagneperglianimali.org/web/wp-content/uploads/2021/05/logo-pubblicita-antispecista-campagne-per-gli-animali-768x783.jpg 768w, https://www.campagneperglianimali.org/web/wp-content/uploads/2021/05/logo-pubblicita-antispecista-campagne-per-gli-animali-750x764.jpg 750w, https://www.campagneperglianimali.org/web/wp-content/uploads/2021/05/logo-pubblicita-antispecista-campagne-per-gli-animali.jpg 933w" sizes="auto, (max-width: 294px) 100vw, 294px" /></a></p>
<p>Le nostre nuove pubblicità sono tutte accompagnate dal logo <strong>Pubblicità antispecista</strong>.</p>
<p>Chiunque voglia fare propaganda antispecista può utilizzare tali pubblicità per renderle pubbliche. Il logo <strong>Pubblicità antispecista</strong>  è stato ideato e realizzato <strong>per evitare l’inserimento della grafica di loghi di associazioni o gruppi rendendo il messaggio universale e liberamente utilizzabile.</strong></p>
<p>Il logo <strong>Pubblicità antispecista</strong> è stato ideato e creato nel 2012 da <strong>Campagne per gli animali</strong> per renderlo pubblico e liberamente utilizzabile a patto che venga apposto su pubblicità che <strong>veicolino realmente messaggi antispecisti</strong> e che <strong>Campagne per gli animali</strong> ne sia messa preventivamente al corrente. <a href="http://www.campagneperglianimali.org/web/contatti/">Contattaci</a> per poter ricevere il logo il formato grafico ad alta risoluzione.</p>
<p>Un esempio di utilizzo della <strong>Pubblicità antispecista</strong>:<br />
<a href="http://www.campagneperglianimali.org/web/chi-mangi-oggi-megacartelloni-a-pordenone/">www.campagneperglianimali.org/web/chi-mangi-oggi-megacartelloni-a-pordenone</a></p>
<p>Alcune istruzioni utili: <a href="http://www.campagneperglianimali.org/web/campagna-affissioni-antispeciste/">www.campagneperglianimali.org/web/campagna-affissioni-antispeciste</a></p>
<p><strong>Visiona e scarica liberamente le pubblicità antispeciste di Campagne per gli animali: <a href="http://www.campagneperglianimali.org/web/le-campagne/">www.campagneperglianimali.org/web/le-campagne</a></strong></p>
<hr />
<p style="text-align: center;">Il progetto di Campagne per gli animali <strong>ha terminato le sue attività in data 31 dicembre 2021</strong>. <a href="http://www.campagneperglianimali.org/web/il-progetto-di-campagne-per-gli-animali-si-conclude/">Leggi il comunicato</a>.</p>
<hr />
<p style="text-align: center;">Il logo di <strong>Pubblicità antispecista</strong> è utilizzabile esclusivamente rispettando le indicazioni della seguente licenza:</p>
<p style="text-align: center;"><a href="http://creativecommons.org/licenses/by-nc-nd/4.0/" target="_blank" rel="license noopener"><img decoding="async" class="aligncenter" style="border-width: 0;" src="https://i.creativecommons.org/l/by-nc-nd/4.0/88x31.png" alt="Licenza Creative Commons" /></a><br />
<a href="http://creativecommons.org/licenses/by-nc-nd/4.0/" target="_blank" rel="license noopener">Creative Commons Attribuzione &#8211; Non commerciale &#8211; Non opere derivate 4.0 Internazionale</a>.</p>
<hr />

<p>Le nostre nuove pubblicità sono tutte accompagnate dal logo Pubblicità antispecista. Chiunque voglia fare propaganda antispecista può utilizzare tali pubblicità per renderle pubbliche. Il logo Pubblicità antispecista  è stato ideato e realizzato per evitare l’inserimento della grafica di loghi di associazioni o gruppi rendendo il messaggio universale e liberamente utilizzabile. Il logo Pubblicità antispecista è&hellip;<a href="https://www.campagneperglianimali.org/web/pubblicita-antispecista/" class="more-link">Continua la lettura di <span class="screen-reader-text">Pubblicità Antispecista</span></a></p>
